{"id":16,"date":"2025-01-14T14:25:37","date_gmt":"2025-01-14T13:25:37","guid":{"rendered":"https:\/\/314570.peda.univ-lille.fr\/egide\/?page_id=16"},"modified":"2026-01-25T17:32:32","modified_gmt":"2026-01-25T16:32:32","slug":"acceuil","status":"publish","type":"page","link":"https:\/\/egide.univ-lille.fr\/","title":{"rendered":"Accueil"},"content":{"rendered":"\n<section class=\"wp-block-group alignfull has-two-background-color has-text-color has-background is-content-justification-center is-layout-constrained wp-container-core-group-is-layout-536251e7 wp-block-group-is-layout-constrained\" style=\"color:#212121;margin-top:0rem;padding-right:1rem;padding-left:1rem;font-size:clamp(0.875rem, 0.875rem + ((1vw - 0.2rem) * 0.152), 1.13rem);font-style:normal;font-weight:400;line-height:1.5\">\n<section class=\"wp-block-group alignfull has-two-background-color has-text-color has-background is-layout-constrained wp-container-core-group-is-layout-51d1775a wp-block-group-is-layout-constrained\" style=\"color:#03081e;margin-top:0px;padding-top:1.5rem;padding-right:var(--wp--preset--spacing--40);padding-bottom:var(--wp--preset--spacing--50);padding-left:var(--wp--preset--spacing--40);font-size:clamp(0.875rem, 0.875rem + ((1vw - 0.2rem) * 0.152), 1.13rem);font-style:normal;font-weight:400;line-height:1.4\">\n<div class=\"wp-block-columns is-layout-flex wp-container-core-columns-is-layout-db2df21c wp-block-columns-is-layout-flex\" style=\"margin-bottom:0px\">\n<div class=\"wp-block-column is-content-justification-left is-layout-constrained wp-container-core-column-is-layout-12dd3699 wp-block-column-is-layout-constrained\" style=\"flex-basis:45%\">\n<figure class=\"wp-block-image size-full has-custom-border wp-duotone-unset-1\"><img loading=\"lazy\" decoding=\"async\" width=\"1296\" height=\"864\" src=\"https:\/\/egide.univ-lille.fr\/wp-content\/uploads\/2025\/11\/pexels-pixabay-159775.jpg\" alt=\"\" class=\"has-border-color has-black-border-color wp-image-412\" style=\"aspect-ratio:1;object-fit:cover\" srcset=\"https:\/\/egide.univ-lille.fr\/wp-content\/uploads\/2025\/11\/pexels-pixabay-159775.jpg 1296w, https:\/\/egide.univ-lille.fr\/wp-content\/uploads\/2025\/11\/pexels-pixabay-159775-300x200.jpg 300w, https:\/\/egide.univ-lille.fr\/wp-content\/uploads\/2025\/11\/pexels-pixabay-159775-1024x683.jpg 1024w, https:\/\/egide.univ-lille.fr\/wp-content\/uploads\/2025\/11\/pexels-pixabay-159775-768x512.jpg 768w\" sizes=\"auto, (max-width: 1296px) 100vw, 1296px\" \/><\/figure>\n<\/div>\n\n\n\n<div class=\"wp-block-column is-layout-flow wp-block-column-is-layout-flow\">\n<div class=\"wp-block-group is-vertical is-content-justification-left is-layout-flex wp-container-core-group-is-layout-c5d44cae wp-block-group-is-layout-flex\" style=\"min-height:100%\">\n<div class=\"wp-block-group is-content-justification-center is-layout-constrained wp-container-core-group-is-layout-b15c80d6 wp-block-group-is-layout-constrained\">\n<h3 class=\"wp-block-heading has-text-align-center has-black-color has-text-color has-merriweather-24-pt-semicondensed-font-family\" style=\"margin-top:0.5rem;margin-bottom:1.01rem;font-size:clamp(1.556rem, 1.556rem + ((1vw - 0.2rem) * 0.629), 2.61rem);font-style:normal;font-weight:800;letter-spacing:0px;line-height:1.3;text-decoration:underline;text-transform:capitalize\"><strong>L&rsquo;\u00e9dition 2026 de la journ\u00e9e EGIDE<\/strong><\/h3>\n\n\n\n<p class=\"has-text-align-left has-text-color has-merriweather-24-pt-semicondensed-font-family\" style=\"color:#03081e;margin-top:0.9rem;font-size:clamp(0.929rem, 0.929rem + ((1vw - 0.2rem) * 0.281), 1.4rem);font-style:normal;font-weight:800;line-height:1.6\">Inscrivez vous d\u00e8s maintenant \u00e0 la journ\u00e9e EGIDE&rsquo;26, le 25 mars.<\/p>\n\n\n\n<p class=\"has-text-align-left has-text-color has-merriweather-24-pt-semicondensed-font-family\" style=\"color:#03081e;margin-top:0.9rem;font-size:clamp(0.929rem, 0.929rem + ((1vw - 0.2rem) * 0.281), 1.4rem);font-style:normal;font-weight:800;line-height:1.6\">Cet \u00e9v\u00e9nement phare est con\u00e7u pour les professionnels, enseignants et \u00e9tudiants passionn\u00e9s par l&rsquo;information et la documentation.<\/p>\n\n\n\n<p class=\"has-text-align-left has-text-color has-merriweather-24-pt-semicondensed-font-family\" style=\"color:#03081e;margin-top:0.9rem;font-size:clamp(0.929rem, 0.929rem + ((1vw - 0.2rem) * 0.281), 1.4rem);font-style:normal;font-weight:800;line-height:1.6\">Cette ann\u00e9e plonge dans le th\u00e8me captivant :<\/p>\n\n\n\n<p class=\"has-text-align-left has-text-color has-merriweather-24-pt-semicondensed-font-family\" style=\"color:#03081e;margin-top:0.9rem;font-size:clamp(0.929rem, 0.929rem + ((1vw - 0.2rem) * 0.281), 1.4rem);font-style:normal;font-weight:800;line-height:1.6\"><strong>\u00ab\u00a0De la collection \u00e0 la connexion : les biblioth\u00e8ques \u00e0 l&rsquo;heure du changement\u00a0\u00bb.<\/strong><\/p>\n\n\n\n<p class=\"has-text-align-left has-text-color has-merriweather-24-pt-semicondensed-font-family\" style=\"color:#03081e;margin-top:0.9rem;font-size:clamp(0.929rem, 0.929rem + ((1vw - 0.2rem) * 0.281), 1.4rem);font-style:normal;font-weight:800;line-height:1.6\">Pr\u00e9parez vous \u00e0 enrichir vos connaissances, \u00e9changer des id\u00e9es innovantes et d\u00e9couvrir comment les biblioth\u00e8ques s&rsquo;adaptent aux d\u00e9fis d&rsquo;aujourd&rsquo;hui.<\/p>\n\n\n\n<div class=\"wp-block-group alignwide is-content-justification-center is-layout-constrained wp-container-core-group-is-layout-0638dde4 wp-block-group-is-layout-constrained\" style=\"margin-top:0px\">\n<div class=\"wp-block-buttons is-horizontal is-content-justification-left is-layout-flex wp-container-core-buttons-is-layout-50dd055c wp-block-buttons-is-layout-flex\" style=\"margin-top:2.51rem\">\n<div class=\"wp-block-button has-custom-width wp-block-button__width-100 is-style-fill\"><a class=\"wp-block-button__link has-text-color has-background has-border-color has-text-align-center has-custom-font-size wp-element-button\" href=\"https:\/\/docs.google.com\/forms\/d\/e\/1FAIpQLSdCN92S8fA4TOFf88SBV9jEvMj0el81XAyZwOdcykQxaOqnzw\/viewform?usp=dialog\" style=\"border-color:#041d55;border-style:solid;border-width:1px;border-radius:2.5rem;color:#07277c;background-color:#ffffff;padding-top:1.1rem;padding-right:0.81rem;padding-bottom:1.1rem;padding-left:0.81rem;font-size:clamp(0.875rem, 0.875rem + ((1vw - 0.2rem) * 0.2), 1.21rem);font-style:normal;font-weight:400;line-height:1;text-transform:capitalize\">S&rsquo;inscrire<\/a><\/div>\n<\/div>\n<\/div>\n<\/div>\n<\/div>\n<\/div>\n<\/div>\n<\/section>\n<\/section>\n\n\n\n<div class=\"wp-block-group alignfull is-layout-constrained wp-container-core-group-is-layout-0a2bc265 wp-block-group-is-layout-constrained\" style=\"margin-top:0;margin-bottom:0;padding-top:2.4rem;padding-right:var(--wp--preset--spacing--40);padding-bottom:0rem;padding-left:var(--wp--preset--spacing--40)\">\n<div class=\"wp-block-group alignwide is-layout-constrained wp-block-group-is-layout-constrained\" style=\"padding-bottom:1rem\">\n<h2 class=\"wp-block-heading has-text-align-center has-black-color has-text-color\" style=\"font-size:clamp(1.556rem, 1.556rem + ((1vw - 0.2rem) * 0.629), 2.61rem);font-style:normal;font-weight:600;line-height:1.5;text-transform:capitalize\"><strong>Nos th\u00e9matiques<\/strong><\/h2>\n<\/div>\n\n\n\n<div class=\"wp-block-cover is-light\"><span aria-hidden=\"true\" class=\"wp-block-cover__background has-background-dim\" style=\"background-color:#56af98\"><\/span><div class=\"wp-block-cover__inner-container is-layout-constrained wp-block-cover-is-layout-constrained\">\n<div class=\"wp-block-columns is-layout-flex wp-container-core-columns-is-layout-28f84493 wp-block-columns-is-layout-flex\">\n<div class=\"wp-block-column is-layout-flow wp-block-column-is-layout-flow\">\n<figure class=\"wp-block-image aligncenter size-large is-resized has-custom-border\"><img loading=\"lazy\" decoding=\"async\" width=\"1024\" height=\"682\" src=\"https:\/\/egide.univ-lille.fr\/wp-content\/uploads\/2026\/01\/library-488690_1920-1-1024x682.jpg\" alt=\"\" class=\"has-border-color has-black-border-color wp-image-919\" style=\"aspect-ratio:1.501473658045594;width:458px;height:auto\" srcset=\"https:\/\/egide.univ-lille.fr\/wp-content\/uploads\/2026\/01\/library-488690_1920-1-1024x682.jpg 1024w, https:\/\/egide.univ-lille.fr\/wp-content\/uploads\/2026\/01\/library-488690_1920-1-300x200.jpg 300w, https:\/\/egide.univ-lille.fr\/wp-content\/uploads\/2026\/01\/library-488690_1920-1-768x511.jpg 768w, https:\/\/egide.univ-lille.fr\/wp-content\/uploads\/2026\/01\/library-488690_1920-1-1536x1022.jpg 1536w, https:\/\/egide.univ-lille.fr\/wp-content\/uploads\/2026\/01\/library-488690_1920-1-2048x1363.jpg 2048w\" sizes=\"auto, (max-width: 1024px) 100vw, 1024px\" \/><\/figure>\n<\/div>\n\n\n\n<div class=\"wp-block-column is-layout-flow wp-block-column-is-layout-flow\">\n<figure class=\"wp-block-image aligncenter size-full is-resized has-custom-border\"><img loading=\"lazy\" decoding=\"async\" width=\"830\" height=\"532\" src=\"https:\/\/egide.univ-lille.fr\/wp-content\/uploads\/2026\/01\/Portinateur.png\" alt=\"\" class=\"has-border-color has-black-border-color wp-image-920\" style=\"aspect-ratio:1.5601336452379242;width:484px;height:auto\" srcset=\"https:\/\/egide.univ-lille.fr\/wp-content\/uploads\/2026\/01\/Portinateur.png 830w, https:\/\/egide.univ-lille.fr\/wp-content\/uploads\/2026\/01\/Portinateur-300x192.png 300w, https:\/\/egide.univ-lille.fr\/wp-content\/uploads\/2026\/01\/Portinateur-768x492.png 768w\" sizes=\"auto, (max-width: 830px) 100vw, 830px\" \/><\/figure>\n<\/div>\n<\/div>\n\n\n\n<div class=\"wp-block-columns is-layout-flex wp-container-core-columns-is-layout-28f84493 wp-block-columns-is-layout-flex\">\n<div class=\"wp-block-column is-layout-flow wp-block-column-is-layout-flow\">\n<h2 class=\"wp-block-heading has-text-align-center has-medium-font-size\">Zoom Historique<\/h2>\n<\/div>\n\n\n\n<div class=\"wp-block-column is-layout-flow wp-block-column-is-layout-flow\">\n<h2 class=\"wp-block-heading has-text-align-center has-medium-font-size\">L&rsquo;avenir de la biblioth\u00e8que<\/h2>\n<\/div>\n<\/div>\n\n\n\n<div class=\"wp-block-columns is-layout-flex wp-container-core-columns-is-layout-28f84493 wp-block-columns-is-layout-flex\">\n<div class=\"wp-block-column is-layout-flow wp-block-column-is-layout-flow\">\n<p class=\"has-text-align-left has-border-color has-midsmall-font-size\" style=\"border-color:#00000000;border-width:11px;border-top-left-radius:0px;border-top-right-radius:0px;border-bottom-left-radius:0px;border-bottom-right-radius:0px\">La biblioth\u00e8que s\u2019est progressivement impos\u00e9e comme une institution d\u00e9di\u00e9e \u00e0 la conservation, \u00e0 l\u2019organisation et \u00e0 la transmission des savoirs, participant pleinement \u00e0 la structuration et \u00e0 la diffusion des connaissances au sein des soci\u00e9t\u00e9s savantes et universitaires.<\/p>\n<\/div>\n\n\n\n<div class=\"wp-block-column is-layout-flow wp-block-column-is-layout-flow\">\n<p class=\"has-text-align-left has-border-color has-midsmall-font-size\" style=\"border-color:#ffffff00;border-width:11px\">\u00c0 l\u2019avenir, la biblioth\u00e8que est appel\u00e9e \u00e0 devenir un tiers-lieu hybride, int\u00e9grant ressources num\u00e9riques, m\u00e9diation culturelle et espaces de travail collaboratif, afin de r\u00e9pondre aux \u00e9volutions des pratiques informationnelles et acad\u00e9miques.<\/p>\n<\/div>\n<\/div>\n<\/div><\/div>\n\n\n\n<div style=\"height:33px\" aria-hidden=\"true\" class=\"wp-block-spacer\"><\/div>\n<\/div>\n\n\n\n<div class=\"wp-block-group alignfull has-border-color has-black-border-color has-background is-layout-constrained wp-block-group-is-layout-constrained\" style=\"background-color:#f7f8f9;margin-top:0px;margin-bottom:0px;padding-top:80px;padding-bottom:80px\">\n<div class=\"wp-block-columns is-layout-flex wp-container-core-columns-is-layout-28f84493 wp-block-columns-is-layout-flex\">\n<div class=\"wp-block-column is-layout-flow wp-container-core-column-is-layout-fe0e2ea3 wp-block-column-is-layout-flow\">\n<h2 class=\"wp-block-heading has-text-align-center has-text-color\" style=\"color:#000000;margin-top:0;font-size:clamp(33.419px, 2.089rem + ((1vw - 3.2px) * 0.992), 60px);font-style:normal;font-weight:400;line-height:1\">2<\/h2>\n\n\n\n<p class=\"has-text-align-center has-text-color\" style=\"color:#737373;font-size:clamp(14px, 0.875rem + ((1vw - 3.2px) * 0.149), 18px);line-height:1.5\">Th\u00e9matiques<\/p>\n<\/div>\n\n\n\n<div class=\"wp-block-column is-layout-flow wp-container-core-column-is-layout-fe0e2ea3 wp-block-column-is-layout-flow\" style=\"border-left-color:#c4c4c4;border-left-width:1px\">\n<h2 class=\"wp-block-heading has-text-align-center has-text-color\" style=\"color:#000000;margin-top:0;font-size:clamp(33.419px, 2.089rem + ((1vw - 3.2px) * 0.992), 60px);font-style:normal;font-weight:400;line-height:1\">6<\/h2>\n\n\n\n<p class=\"has-text-align-center has-text-color\" style=\"color:#737373;font-size:clamp(14px, 0.875rem + ((1vw - 3.2px) * 0.149), 18px);line-height:1.5\">Partenaires<\/p>\n<\/div>\n\n\n\n<div class=\"wp-block-column is-layout-flow wp-container-core-column-is-layout-fe0e2ea3 wp-block-column-is-layout-flow\" style=\"border-left-color:#c4c4c4;border-left-width:1px\">\n<h2 class=\"wp-block-heading has-text-align-center has-text-color\" style=\"color:#000000;margin-top:0;font-size:clamp(33.419px, 2.089rem + ((1vw - 3.2px) * 0.992), 60px);font-style:normal;font-weight:400;line-height:1\">6<\/h2>\n\n\n\n<p class=\"has-text-align-center has-text-color\" style=\"color:#737373;font-size:clamp(14px, 0.875rem + ((1vw - 3.2px) * 0.149), 18px);line-height:1.5\">Intervenants<\/p>\n<\/div>\n\n\n\n<div class=\"wp-block-column is-layout-flow wp-container-core-column-is-layout-fe0e2ea3 wp-block-column-is-layout-flow\" style=\"border-left-color:#c4c4c4;border-left-width:1px\">\n<h2 class=\"wp-block-heading has-text-align-center has-text-color\" style=\"color:#000000;margin-top:0;font-size:clamp(33.419px, 2.089rem + ((1vw - 3.2px) * 0.992), 60px);font-style:normal;font-weight:400;line-height:1\">2026<\/h2>\n\n\n\n<p class=\"has-text-align-center has-text-color\" style=\"color:#737373;font-size:clamp(14px, 0.875rem + ((1vw - 3.2px) * 0.149), 18px);line-height:1.5\">Editions<\/p>\n<\/div>\n<\/div>\n<\/div>\n\n\n\n<div class=\"wp-block-columns is-layout-flex wp-container-core-columns-is-layout-28f84493 wp-block-columns-is-layout-flex\">\n<div class=\"wp-block-column is-layout-flow wp-block-column-is-layout-flow\" style=\"flex-basis:100%\">\n<h2 class=\"wp-block-heading has-medium-font-size\" style=\"padding-top:var(--wp--preset--spacing--30);padding-bottom:var(--wp--preset--spacing--30)\">Lieu<strong> : <em>Lilliad Learning Center Innovation<\/em><\/strong><\/h2>\n<\/div>\n<\/div>\n\n\n\n<iframe src=\"https:\/\/www.google.com\/maps\/embed?pb=!1m18!1m12!1m3!1d2531.9528655269646!2d3.1390601766043207!3d50.60941337162299!2m3!1f0!2f0!3f0!3m2!1i1024!2i768!4f13.1!3m3!1m2!1s0x47c2d64c58874917%3A0x898bc40dd3435326!2sLilliad%20Learning%20center%20Innovation!5e0!3m2!1sfr!2sfr!4v1737815184584!5m2!1sfr!2sfr\" width=\"1600\" height=\"600\" style=\"border:0;\" allowfullscreen=\"\" loading=\"lazy\" referrerpolicy=\"no-referrer-when-downgrade\"><\/iframe>\n\n\n\n<p><\/p>\n","protected":false},"excerpt":{"rendered":"<p>L&rsquo;\u00e9dition 2026 de la journ\u00e9e EGIDE Inscrivez vous d\u00e8s maintenant \u00e0 la journ\u00e9e EGIDE&rsquo;26, le 25 mars. Cet \u00e9v\u00e9nement phare est con\u00e7u pour les professionnels, enseignants et \u00e9tudiants passionn\u00e9s par l&rsquo;information et la documentation. Cette ann\u00e9e plonge dans le th\u00e8me captivant : \u00ab\u00a0De la collection \u00e0 la connexion : les biblioth\u00e8ques \u00e0 l&rsquo;heure du changement\u00a0\u00bb. [&hellip;]<\/p>\n","protected":false},"author":1,"featured_media":0,"parent":0,"menu_order":0,"comment_status":"closed","ping_status":"closed","template":"","meta":{"footnotes":""},"class_list":["post-16","page","type-page","status-publish","hentry"],"_links":{"self":[{"href":"https:\/\/egide.univ-lille.fr\/index.php?rest_route=\/wp\/v2\/pages\/16","targetHints":{"allow":["GET"]}}],"collection":[{"href":"https:\/\/egide.univ-lille.fr\/index.php?rest_route=\/wp\/v2\/pages"}],"about":[{"href":"https:\/\/egide.univ-lille.fr\/index.php?rest_route=\/wp\/v2\/types\/page"}],"author":[{"embeddable":true,"href":"https:\/\/egide.univ-lille.fr\/index.php?rest_route=\/wp\/v2\/users\/1"}],"replies":[{"embeddable":true,"href":"https:\/\/egide.univ-lille.fr\/index.php?rest_route=%2Fwp%2Fv2%2Fcomments&post=16"}],"version-history":[{"count":123,"href":"https:\/\/egide.univ-lille.fr\/index.php?rest_route=\/wp\/v2\/pages\/16\/revisions"}],"predecessor-version":[{"id":924,"href":"https:\/\/egide.univ-lille.fr\/index.php?rest_route=\/wp\/v2\/pages\/16\/revisions\/924"}],"wp:attachment":[{"href":"https:\/\/egide.univ-lille.fr\/index.php?rest_route=%2Fwp%2Fv2%2Fmedia&parent=16"}],"curies":[{"name":"wp","href":"https:\/\/api.w.org\/{rel}","templated":true}]}}